{"id":381,"date":"2024-03-14T23:56:46","date_gmt":"2024-03-14T23:56:46","guid":{"rendered":"https:\/\/ncvmodelismo.com\/?post_type=product&#038;p=381"},"modified":"2026-01-21T19:25:00","modified_gmt":"2026-01-21T19:25:00","slug":"resina-uv-para-joyeria-y-artesanias","status":"publish","type":"product","link":"https:\/\/ncvmodelismo.com\/index.php\/product\/resina-uv-para-joyeria-y-artesanias\/","title":{"rendered":"RESINA UV PARA JOYERIA Y ARTESANIAS"},"content":{"rendered":"<h3>RESINA UV PARA JOYERIA Y ARTESANIAS<\/h3>\n<h3>Resina Cristal UV &#8211; transparente<\/h3>\n<h3>Ideal para joyer\u00eda, arcilla polim\u00e9rica y artesan\u00edas en general<\/h3>\n<h3>Requiere curado UV<\/h3>\n<h3>Presentaci\u00f3n: 100gs.<\/h3>\n<h3>\u2014\u2014\u2014\u2014\u2014\u2014\u2014\u2014\u2014\u2014\u2014\u2014\u2014\u2014\u2014\u2014\u2014\u2013<\/h3>\n<h3><strong><u>Para env\u00edo<\/u><\/strong><\/h3>\n<h3>Solo hacemos env\u00edos a sucursal de Correo Argentino<\/h3>\n<h3>Se puede abonar por deposito\/transferencia.<\/h3>\n<h3>Indicanos a que zona para cotizar el costo de env\u00edo<\/h3>\n<h3>El despacho se realiza dentro de las 48hs. de acreditado el pago, demora 48\/72hs.\u00a0y permanecer\u00e1 5 d\u00edas en sucursal antes de ser devuelto al remitente, podes hacer el seguimiento con el c\u00f3digo que te enviaremos.<\/h3>\n<h3><strong><u>Retiro en persona:<\/u><\/strong><\/h3>\n<h3>Para retiro por nuestro deposito en Munro se solicita aviso con no menos de 2 Hs. de anticipaci\u00f3n para poder preparar el pedido. Si el pago no es en efectivo debe estar acreditado previo al retiro. En caso que el retiro no sea realizado por el titular del pedido se debe indicar nombre y DNI de quien retire.<\/h3>\n<h3>Nuestro horario de atenci\u00f3n es de lunes a viernes de 11 a 17hs.<\/h3>\n<h3>No dudes en hacernos cualquier pregunta<\/h3>\n<h1><\/h1>\n","protected":false},"excerpt":{"rendered":"<h3>RESINA UV PARA JOYERIA Y ARTESANIAS<\/h3>\n<h3>Resina Cristal UV &#8211; transparente<\/h3>\n<h3>Ideal para joyer\u00eda, arcilla polim\u00e9rica y artesan\u00edas en general<\/h3>\n<h3>Requiere curado UV<\/h3>\n<h3>Presentaci\u00f3n: 100gs.<\/h3>\n","protected":false},"featured_media":382,"comment_status":"closed","ping_status":"closed","template":"","meta":[],"product_brand":[],"product_cat":[57,15,18,52,49,19,25,24],"product_tag":[26],"class_list":{"0":"post-381","1":"product","2":"type-product","3":"status-publish","4":"has-post-thumbnail","6":"product_cat-catalogo","7":"product_cat-caucho-de-silicona","8":"product_cat-arcilla-polimerica","9":"product_cat-matrices","10":"product_cat-resina-epoxi","11":"product_cat-resinas-para-impresion-3d","12":"product_cat-arcilla-de-escultor","13":"product_cat-molde-de-silicona","14":"product_tag-resina-uv","16":"first","17":"instock","18":"shipping-taxable","19":"purchasable","20":"product-type-simple"},"_links":{"self":[{"href":"https:\/\/ncvmodelismo.com\/index.php\/wp-json\/wp\/v2\/product\/381","targetHints":{"allow":["GET"]}}],"collection":[{"href":"https:\/\/ncvmodelismo.com\/index.php\/wp-json\/wp\/v2\/product"}],"about":[{"href":"https:\/\/ncvmodelismo.com\/index.php\/wp-json\/wp\/v2\/types\/product"}],"replies":[{"embeddable":true,"href":"https:\/\/ncvmodelismo.com\/index.php\/wp-json\/wp\/v2\/comments?post=381"}],"wp:featuredmedia":[{"embeddable":true,"href":"https:\/\/ncvmodelismo.com\/index.php\/wp-json\/wp\/v2\/media\/382"}],"wp:attachment":[{"href":"https:\/\/ncvmodelismo.com\/index.php\/wp-json\/wp\/v2\/media?parent=381"}],"wp:term":[{"taxonomy":"product_brand","embeddable":true,"href":"https:\/\/ncvmodelismo.com\/index.php\/wp-json\/wp\/v2\/product_brand?post=381"},{"taxonomy":"product_cat","embeddable":true,"href":"https:\/\/ncvmodelismo.com\/index.php\/wp-json\/wp\/v2\/product_cat?post=381"},{"taxonomy":"product_tag","embeddable":true,"href":"https:\/\/ncvmodelismo.com\/index.php\/wp-json\/wp\/v2\/product_tag?post=381"}],"curies":[{"name":"wp","href":"https:\/\/api.w.org\/{rel}","templated":true}]}}